ite number?
False
Is 11279 prime?
True
Is 31631 composite?
True
Is 794 a composite number?
True
Is 48487 a composite number?
False
Is 50359 a prime number?
True
Is 981511 prime?
False
Is 38635 prime?
False
Is 81839 a composite number?
False
Is 2513 a prime number?
False
Is 309817 a composite number?
True
Is 15679 a composite number?
False
Is 42271 composite?
True
Is 485669 composite?
True
Is 488174 a prime number?
False
Is 212969 composite?
False
Is 498383 a composite number?
True
Is 3246305 prime?
False
Is 113794 a prime number?
False
Is 7321 prime?
True
Is 341 composite?
True
Is 899519 a composite number?
False
Is 31219 a prime number?
True
Is 388081 a composite number?
False
Is 27533 a composite number?
True
Is 3709 composite?
False
Is 142097 a prime number?
True
Is 9649 a composite number?
False
Is 374639 composite?
False
Is 30403 composite?
False
Is 5351 prime?
True
Is 5981 composite?
False
Is 53481 a composite number?
True
Is 126653 composite?
False
Is 707341 prime?
True
Is 6348211 composite?
True
Is 15591 a composite number?
True
Is 16603 a prime number?
True
Is 3521 a prime number?
False
Is 5837 a composite number?
True
Is 2129 a composite number?
False
Is 8791 a composite number?
True
Is 381 composite?
True
Is 106979 a prime number?
True
Is 101267 composite?
False
Is 9527 a prime number?
False
Is 13011 a prime number?
False
Is 311 a composite number?
False
Is 66961 a composite number?
True
Is 30739 prime?
False
Is 39499 a prime number?
True
Is 68533 a composite number?
True
Is 484061 prime?
True
Is 448579 a composite number?
True
Is 7613 prime?
False
Is 144559 a composite number?
True
Is 313763 composite?
False
Is 420029 prime?
True
Is 1561421 a composite number?
False
Is 422923 a composite number?
False
Is 236941 composite?
True
Is 109717 a prime number?
True
Is 851 a composite number?
True
Is 138101 a prime number?
True
Is 63419 composite?
False
Is 18737 a prime number?
False
Is 696809 prime?
True
Is 104197 prime?
False
Is 6139 composite?
True
Is 719713 a composite number?
False
Is 2995 prime?
False
Is 2198021 prime?
False
Is 3251 a prime number?
True
Is 7519 composite?
True
Is 38351 a prime number?
True
Is 341041 composite?
False
Is 759547 a composite number?
False
Is 63913 composite?
False
Is 24383 composite?
True
Is 88529 composite?
True
Is 45161 composite?
False
Is 190901 composite?
False
Is 18365 composite?
True
Is 227261 a prime number?
False
Is 2467 a prime number?
True
Is 602677 a prime number?
True
Is 1147109 prime?
False
Is 1734239 a composite number?
True
Is 13291 composite?
False
Is 1931 a prime number?
True
Is 15527 composite?
False
Is 54617 prime?
True
Is 63241 composite?
False
Is 383017 a composite number?
True
Is 768881 a composite number?
False
Is 372833 composite?
False
Is 81281 a composite number?
False
Is 258623 composite?
False
Is 412717 composite?
False
Is 1372377 composite?
True
Is 22731 a prime number?
False
Is 18503 composite?
False
Is 165203 a composite number?
False
Is 23513 a composite number?
True
Is 6841 a composite number?
False
Is 7211 a prime number?
True
Is 29038 composite?
True
Is 11519 prime?
True
Is 47017 a prime number?
True
Is 11771 a prime number?
False
Is 1709 a composite number?
False
Is 33169 a prime number?
False
Is 4307 prime?
False
Is 793487 prime?
True
Is 467 a prime number?
True
Is 421273 a composite number?
False
Is 2186029 composite?
False
Is 4783 a composite number?
False
Is 12071 composite?
False
Is 997 prime?
True
Is 76803 prime?
False
Is 865957 a composite number?
False
Is 16162 a prime number?
False
Is 1043 a prime number?
False
Is 24239 a composite number?
False
Is 43573 a prime number?
True
Is 53017 prime?
True
Is 492227 prime?
True
Is 176723 prime?
False
Is 85781 a prime number?
True
Is 12227 prime?
True
Is 202021 composite?
False
Is 3567227 a prime number?
True
Is 437467 a prime number?
True
Is 19883 prime?
False
Is 2400511 composite?
False
Is 235003 prime?
True
Is 231073 a prime number?
False
Is 1969 prime?
False
Is 340447 prime?
True
Is 55763 prime?
True
Is 193649 a composite number?
False
Is 44569 composite?
True
Is 1041077 composite?
False
Is 12237 prime?
False
Is 4262813 a prime number?
True
Is 71543 prime?
False
Is 128827 a composite number?
True
Is 18077 a composite number?
False
Is 11003 composite?
False
Is 20077 a prime number?
False
Is 252737 prime?
True
Is 24333 prime?
False
Is 470285 a composite number?
True
Is 385841 composite?
True
Is 38299 composite?
False
Is 56555 composite?
True
Is 15853 a composite number?
True
Is 5879 composite?
False
Is 1490167 prime?
False
Is 8605 a composite number?
True
Is 116257 prime?
True
Is 147754 composite?
True
Is 70373 composite?
False
Is 1357 prime?
False
Is 101615 composite?
True
Is 37 composite?
False
Is 135011 a composite number?
True
Is 679207 a composite number?
False
Is 124393 prime?
False
Is 614507 prime?
False
Is 3589 composite?
True
Is 13543 a composite number?
True
Is 91367 a composite number?
False
Is 233039 composite?
True
Is 27197 a composite number?
False
Is 1247163 a composite number?
True
Is 52523 composite?
True
Is 970107 composite?
True
Is 1757 a prime number?
False
Is 484013 composite?
True
Is 1000069 a prime number?
False
Is 79063 composite?
False
Is 596653 composite?
False
Is 30761 a composite number?
True
Is 1081 a composite number?
True
Is 229547 a composite number?
False
Is 90583 a prime number?
True
Is 3957 composite?
True
Is 16171 a prime number?
False
Is 78493 a prime number?
False
Is 308738 a prime number?
False
Is 103163 a composite number?
True
Is 96343 composite?
True
Is 11051 a prime number?
False
Is 882551 prime?
True
Is 154333 a prime number?
True
Is 21557 composite?
False
Is 20369 a composite number?
False
Is 21139 a composite number?
False
Is 158663 prime?
True
Is 24143 prime?
False
Is 9997 a composite number?
True
Is 690509 prime?
True
Is 153431 composite?
True
Is 968171 a prime number?
False
Is 464421 a composite number?
True
Is 30257 a composite number?
True
Is 717659 composite?
False
Is 38033 composite?
True
Is 341269 prime?
True
Is 43261 composite?
False
Is 29933 a composite number?
True
Is 398345 composite?
True
Is 1099259 prime?
False
Is 4373 a composite number?
False
Is 170627 composite?
False
Is 59987 a composite number?
True
Is 16871 composite?
False
Is 5501 composite?
False
Is 51893 a composite number?
False
Is 645149 prime?
True
Is 233743 composite?
False
Is 36689 a prime number?
False
Is 49711 composite?
False
Is 31202 a composite number?
True
Is 512249 prime?
True
Is 199313 a prime number?
True
Is 4621 prime?
True
Is 11273 composite?
False
Is 128389 composite?
False
Is 374611 prime?
False
Is 475877 composite?
False
Is 24709 prime?
True
Is 39391 a composite number?
True
Is 1205999 composite?
False
Is 8051 a composite number?
True
Is 518383 prime?
False
Is 16103 a prime number?
True
Is 1587449 a prime number?
True
Is 487 composite?
False
Is 15493 a composite number?
False
Is 52351 a prime number?
False
Is 2927 a composite number?
False
Is 13319 a composite number?
True
Is 2743 prime?
False
Is 10099 composite?
False
Is 6433 a composite number?
True
Is 8345 a composite number?
True
Is 8039 a prime number?
True
Is 408461 a composite number?
False
Is 118687 prime?
True
Is 25147 a composite number?
False
Is 142599 composite?
True
Is 22735 a prime number?
False
Is 156467 a composite number?
False
Is 40559 a composite number?
False
Is 111673 a composite number?
True
Is 701131 a prime number?
False
Is 39421 composite?
True
Is 4595 composite?
True
Is 18637 a composite number?
False
Is 3203 a prime number?
True
Is 23053 composite?
False
Is 147377 prime?
True
Is 634565 a prime number?
False
Is 53 composite?
False
Is 20063 prime?
True
Is 335186 a composite number?
True
Is 387659 a composite number?
False
Is 676007 prime?
True
Is 598667 a composite number?
True
Is 71697 a composite number?
True
Is 96953 a prime number?
True
Is 113443 prime?
False
Is 149 prime?
True
Is 670898 a prime number?
False
Is 150791 composite?
False
Is 2723 a prime number?
False
Is 1869319 a composite number?
False
Is 4919 prime?
True
Is 2010117 composite?
True
Is 4768279 a prime number?
False
Is 82139 composite?
False
Is 3119 prime?
True
Is 1913 composite?
False
Is 2050153 prime?
False
Is 194809 composite?
False
I